{"id":9,"date":"2025-10-27T05:53:37","date_gmt":"2025-10-27T05:53:37","guid":{"rendered":"https:\/\/eventrsvp.ee\/foorum2025\/?page_id=9"},"modified":"2025-11-18T07:03:15","modified_gmt":"2025-11-18T07:03:15","slug":"registreeru","status":"publish","type":"page","link":"https:\/\/eventrsvp.ee\/foorum2025\/","title":{"rendered":"Registreeru"},"content":{"rendered":"<div class=\"wpb-content-wrapper\"><p>[vc_row full_width=&#8221;stretch_row&#8221; content_placement=&#8221;bottom&#8221; css=&#8221;.vc_custom_1761561528809{padding-top: 2.5em !important;padding-bottom: 2em !important;background-color: #145693 !important;background-position: center !important;background-repeat: no-repeat !important;background-size: cover !important;}&#8221;][vc_column][vc_row_inner content_placement=&#8221;bottom&#8221;][vc_column_inner width=&#8221;1\/6&#8243;][\/vc_column_inner][vc_column_inner width=&#8221;2\/3&#8243;][vc_column_text css=&#8221;.vc_custom_1761561507010{padding-top: 35px !important;padding-bottom: 20px !important;}&#8221;]<\/p>\n<h1 style=\"text-align: center;\">\u00d5iglase \u00dclemineku Foorum 2025: mida teadlased pakuvad Ida-Viru ettev\u00f5tetele?<\/h1>\n<p>[\/vc_column_text][vc_column_text css=&#8221;.vc_custom_1761561550440{padding-top: 0px !important;padding-bottom: 25px !important;}&#8221;]<\/p>\n<h3 style=\"text-align: center;\">20. november 2025, Kohtla-J\u00e4rve Kultuurikeskus<\/h3>\n<p>[\/vc_column_text][vc_column_text css=&#8221;.vc_custom_1761665951361{padding-top: 0px !important;padding-bottom: 50px !important;}&#8221;]<\/p>\n<p style=\"text-align: center;\"><a href=\"https:\/\/eventrsvp.ee\/foorum2025\/wp-content\/uploads\/2025\/10\/Logoblokk-1.svg\"><img decoding=\"async\" class=\"alignnone size-full wp-image-108\" src=\"https:\/\/eventrsvp.ee\/foorum2025\/wp-content\/uploads\/2025\/10\/Logoblokk-1.svg\" alt=\"\" \/><\/a><\/p>\n<p>[\/vc_column_text][\/vc_column_inner][vc_column_inner width=&#8221;1\/6&#8243;][\/vc_column_inner][\/vc_row_inner][\/vc_column][\/vc_row][vc_row full_width=&#8221;stretch_row&#8221; full_height=&#8221;yes&#8221; content_placement=&#8221;middle&#8221; css=&#8221;.vc_custom_1761559439093{padding-top: 75px !important;padding-bottom: 75px !important;background-color: #FFFFFF !important;background-position: center !important;background-repeat: no-repeat !important;background-size: cover !important;}&#8221; el_id=&#8221;register&#8221;][vc_column][vc_row_inner][vc_column_inner width=&#8221;1\/6&#8243;][\/vc_column_inner][vc_column_inner width=&#8221;2\/3&#8243;][vc_column_text css=&#8221;&#8221; el_class=&#8221;black&#8221;]<\/p>\n<h2 style=\"text-align: center;\">Registreerumine on l\u00f5ppenud.<\/h2>\n<p>[\/vc_column_text][\/vc_column_inner][vc_column_inner width=&#8221;1\/6&#8243;][\/vc_column_inner][\/vc_row_inner][\/vc_column][\/vc_row]<\/p>\n<\/div>","protected":false},"excerpt":{"rendered":"<p>[vc_row full_width=&#8221;stretch_row&#8221; content_placement=&#8221;bottom&#8221; css=&#8221;.vc_custom_1761561528809{padding-top: 2.5em !important;padding-bottom: 2em !important;background-color: #145693 !important;background-position: center !important;background-repeat: no-repeat !important;background-size: cover !important;}&#8221;][vc_column][vc_row_inner content_placement=&#8221;bottom&#8221;][vc_column_inner width=&#8221;1\/6&#8243;][\/vc_column_inner][vc_column_inner width=&#8221;2\/3&#8243;][vc_column_text css=&#8221;.vc_custom_1761561507010{padding-top: 35px !important;padding-bottom: 20px !important;}&#8221;] \u00d5iglase \u00dclemineku Foorum 2025: mida teadlased pakuvad Ida-Viru ettev\u00f5tetele? [\/vc_column_text][vc_column_text css=&#8221;.vc_custom_1761561550440{padding-top: 0px !important;padding-bottom: 25px !important;}&#8221;] 20. november 2025, Kohtla-J\u00e4rve Kultuurikeskus [\/vc_column_text][vc_column_text css=&#8221;.vc_custom_1761665951361{padding-top: 0px !important;padding-bottom: 50px !important;}&#8221;] [\/vc_column_text][\/vc_column_inner][vc_column_inner width=&#8221;1\/6&#8243;][\/vc_column_inner][\/vc_row_inner][\/vc_column][\/vc_row][vc_row full_width=&#8221;stretch_row&#8221; full_height=&#8221;yes&#8221; content_placement=&#8221;middle&#8221; [&hellip;]<\/p>\n","protected":false},"author":1,"featured_media":48,"parent":0,"menu_order":0,"comment_status":"closed","ping_status":"closed","template":"template-custom-page.php","meta":{"_acf_changed":false,"footnotes":""},"class_list":["post-9","page","type-page","status-publish","has-post-thumbnail","hentry"],"acf":[],"_links":{"self":[{"href":"https:\/\/eventrsvp.ee\/foorum2025\/wp-json\/wp\/v2\/pages\/9","targetHints":{"allow":["GET"]}}],"collection":[{"href":"https:\/\/eventrsvp.ee\/foorum2025\/wp-json\/wp\/v2\/pages"}],"about":[{"href":"https:\/\/eventrsvp.ee\/foorum2025\/wp-json\/wp\/v2\/types\/page"}],"author":[{"embeddable":true,"href":"https:\/\/eventrsvp.ee\/foorum2025\/wp-json\/wp\/v2\/users\/1"}],"replies":[{"embeddable":true,"href":"https:\/\/eventrsvp.ee\/foorum2025\/wp-json\/wp\/v2\/comments?post=9"}],"version-history":[{"count":24,"href":"https:\/\/eventrsvp.ee\/foorum2025\/wp-json\/wp\/v2\/pages\/9\/revisions"}],"predecessor-version":[{"id":302,"href":"https:\/\/eventrsvp.ee\/foorum2025\/wp-json\/wp\/v2\/pages\/9\/revisions\/302"}],"wp:featuredmedia":[{"embeddable":true,"href":"https:\/\/eventrsvp.ee\/foorum2025\/wp-json\/wp\/v2\/media\/48"}],"wp:attachment":[{"href":"https:\/\/eventrsvp.ee\/foorum2025\/wp-json\/wp\/v2\/media?parent=9"}],"curies":[{"name":"wp","href":"https:\/\/api.w.org\/{rel}","templated":true}]}}

<div class="wpb-content-wrapper"><p>[vc_row full_width=&#8221;stretch_row&#8221; content_placement=&#8221;bottom&#8221; css=&#8221;.vc_custom_1761561528809{padding-top: 2.5em !important;padding-bottom: 2em !important;background-color: #145693 !important;background-position: center !important;background-repeat: no-repeat !important;background-size: cover !important;}&#8221;][vc_column][vc_row_inner content_placement=&#8221;bottom&#8221;][vc_column_inner width=&#8221;1/6&#8243;][/vc_column_inner][vc_column_inner width=&#8221;2/3&#8243;][vc_column_text css=&#8221;.vc_custom_1761561507010{padding-top: 35px !important;padding-bottom: 20px !important;}&#8221;]</p>
<h1 style="text-align: center;">Õiglase Ülemineku Foorum 2025: mida teadlased pakuvad Ida-Viru ettevõtetele?</h1>
<p>[/vc_column_text][vc_column_text css=&#8221;.vc_custom_1761561550440{padding-top: 0px !important;padding-bottom: 25px !important;}&#8221;]</p>
<h3 style="text-align: center;">20. november 2025, Kohtla-Järve Kultuurikeskus</h3>
<p>[/vc_column_text][vc_column_text css=&#8221;.vc_custom_1761665951361{padding-top: 0px !important;padding-bottom: 50px !important;}&#8221;]</p>
<p style="text-align: center;"><a href="https://eventrsvp.ee/foorum2025/wp-content/uploads/2025/10/Logoblokk-1.svg"><img decoding="async" class="alignnone size-full wp-image-108" src="https://eventrsvp.ee/foorum2025/wp-content/uploads/2025/10/Logoblokk-1.svg" alt="" /></a></p>
<p>[/vc_column_text][/vc_column_inner][vc_column_inner width=&#8221;1/6&#8243;][/vc_column_inner][/vc_row_inner][/vc_column][/vc_row][vc_row full_width=&#8221;stretch_row&#8221; full_height=&#8221;yes&#8221; content_placement=&#8221;middle&#8221; css=&#8221;.vc_custom_1761559439093{padding-top: 75px !important;padding-bottom: 75px !important;background-color: #FFFFFF !important;background-position: center !important;background-repeat: no-repeat !important;background-size: cover !important;}&#8221; el_id=&#8221;register&#8221;][vc_column][vc_row_inner][vc_column_inner width=&#8221;1/6&#8243;][/vc_column_inner][vc_column_inner width=&#8221;2/3&#8243;][vc_column_text css=&#8221;&#8221; el_class=&#8221;black&#8221;]</p>
<h2 style="text-align: center;">Registreerumine on lõppenud.</h2>
<p>[/vc_column_text][/vc_column_inner][vc_column_inner width=&#8221;1/6&#8243;][/vc_column_inner][/vc_row_inner][/vc_column][/vc_row]</p>
</div>

<p>[vc_row full_width=&#8221;stretch_row&#8221; content_placement=&#8221;bottom&#8221; css=&#8221;.vc_custom_1761561528809{padding-top: 2.5em !important;padding-bottom: 2em !important;background-color: #145693 !important;background-position: center !important;background-repeat: no-repeat !important;background-size: cover !important;}&#8221;][vc_column][vc_row_inner content_placement=&#8221;bottom&#8221;][vc_column_inner width=&#8221;1/6&#8243;][/vc_column_inner][vc_column_inner width=&#8221;2/3&#8243;][vc_column_text css=&#8221;.vc_custom_1761561507010{padding-top: 35px !important;padding-bottom: 20px !important;}&#8221;] Õiglase Ülemineku Foorum 2025: mida teadlased pakuvad Ida-Viru ettevõtetele? [/vc_column_text][vc_column_text css=&#8221;.vc_custom_1761561550440{padding-top: 0px !important;padding-bottom: 25px !important;}&#8221;] 20. november 2025, Kohtla-Järve Kultuurikeskus [/vc_column_text][vc_column_text css=&#8221;.vc_custom_1761665951361{padding-top: 0px !important;padding-bottom: 50px !important;}&#8221;] [/vc_column_text][/vc_column_inner][vc_column_inner width=&#8221;1/6&#8243;][/vc_column_inner][/vc_row_inner][/vc_column][/vc_row][vc_row full_width=&#8221;stretch_row&#8221; full_height=&#8221;yes&#8221; content_placement=&#8221;middle&#8221; [&hellip;]</p>
